r) = -30*r + 10. Let q(v) = 15*v - 5. Let d(m) = -9*q(m) - 4*u(m). What is d(2)?
-25
Let s(o) = 2*o + 2. Let t(u) = -11*u + 4*u - 22 + 2*u - 13*u + 3*u. Let g(n) = -22*s(n) - 2*t(n). What is g(-1)?
14
Let f(c) be the second derivative of c**4/12 - c**3/3 - 19*c**2 + 149*c + 1. Determine f(10).
42
Suppose -2*j + j - 108 = 0. Let f = -103 - j. Let c(v) be the second derivative of v**5/20 - v**4/3 - v**3/2 + v**2/2 - 5*v. Determine c(f).
11
Let p(v) = -6*v + 52. Suppose 2*n = -3*f + 38, -173 = 4*f - 197. Calculate p(n).
-8
Let r = -7 - -17. Let u(t) = 17 + 2*t**2 - r - 6 + 2*t + 5*t**3. Suppose -2*i - 8*j + 10*j + 4 = 0, -14 = -i + 5*j. Calculate u(i).
-4
Let h(d) = -4 - 2*d - 3*d - 510*d**3 + 511*d**3 + 4*d**2. Let v be h(-5). Let n(q) = q**2 + 3*q - 3. Give n(v).
1
Suppose -4*s = 29 - 9. Let t(c) be the second derivative of -c**4/12 - c**3 + c**2 + 295*c. Calculate t(s).
7
Suppose -110*b = -117*b + 14. Let t(u) = 14 + 7*u + u**2 - b - 8 + 3. What is t(-5)?
-3
Let i(d) = 2 - 2*d**3 - 3*d**3 - 2*d**2 - 9*d + 10*d**2 + 4*d**3. Suppose g + 3 = -2*q - 13, -5*g - 52 = 3*q. Let t(a) = a + 15. Let m be t(g). Calculate i(m).
-12
Let v(u) = -u**3 + 6*u**2 - 3*u - 2. Let j = 11470 - 11470. Determine v(j).
-2
Suppose 3*a + 12 = -15. Let c(n) = -n + 2. Let m(g) = 3*g - 4. Let z(h) = a*c(h) - 4*m(h). Determine z(-2).
4
Suppose 51 = -18*h - 93. Let g be (20/(-6))/(10/(-60)). Let m(k) = -1 + k**2 - 25*k + 14*k + g*k. Determine m(h).
-9
Suppose -3*b + 3*v + 30 = 0, 0 = 5*b - 9*b + 2*v + 36. Let t be ((-4)/b)/(2/20 + 0). Let x(r) = r**2 - 4*r**2 - 8*r - 7 - r**3 - 3*r**2. What is x(t)?
8
Let m(s) be the third derivative of 7*s**4/12 + 27*s**3/2 + s**2 - 70*s. Calculate m(-6).
-3
Let w be (115 - 103) + -1 + -7. Let d(g) = 3*g - 3 - 1 + 4 - 7. What is d(w)?
5
Suppose 107*t - 308 = 30*t. Let n(c) = 0*c - 4*c**2 + 4*c**3 + 2*c - 3*c**3 + 1. Determine n(t).
9
Let i(p) = 5*p - 28. Let l be ((-4)/6)/(28/42) - -6. Suppose l*b = -4*a + 15, -a - 28 = -4*b + 5. What is i(b)?
7
Let z(w) = 5*w + 4. Let j = -23 + 253. Let h = -226 + j. Give z(h).
24
Let v(r) = -r**2 + 4*r + 5. Suppose 18 = 6*n - 3*n. Let d(i) = -i**2 - 8*i + 56. Let t be d(-11). Suppose n*p = 1 + t. What is v(p)?
5
Let d(y) = 3*y. Let w(z) = -52*z - 53*z + 157*z - 54*z. Let o(m) = d(m) + 2*w(m). What is o(7)?
-7
Let p(i) = -14*i - 27 + 14 + 12. Let n = -403 + 404. What is p(n)?
-15
Let a(u) = u**2 + 15*u - 31. Suppose -3*r + 8*i = 9*i + 56, 5*i = r - 8. Determine a(r).
3
Let q be (8/(-10))/(6/(-15)). Suppose q*y = 4*g - 24, -3*y = -y + 4*g. Let s(r) = r**2 + 4*r + 7. Calculate s(y).
19
Let p(r) = 8*r + 8. Let a = -12053 - -12059. Calculate p(a).
56
Let r(g) be the second derivative of 0*g**5 - 7*g + 0*g**2 + 1/180*g**6 - 1/4*g**4 + 0*g**3 + 0. Let y(a) be the third derivative of r(a). Determine y(-1).
-4
Let y(p) = -p - 10. Let k(h) = 6*h - 17*h + 4*h + 2 + 14*h. Let i be k(-2). Give y(i).
2
Let c(y) = 29*y**3 - 44*y**2 - y - 7. Let w(s) = -12*s**3 + 19*s**2 + 4. Let l(r) = -3*c(r) - 7*w(r). What is l(0)?
-7
Let d(h) = -2*h + h + 7 + 2*h. Let f(o) = -o**2 - 8*o - 19. Suppose 28*r - 16 = 32*r. Let z be f(r). What is d(z)?
4
Let g(n) = -3*n - 23. Let r(o) = 6*o + 45. Let x(j) = -5*g(j) - 3*r(j). Let q(p) = 13*p + 79. Let b(c) = -2*q(c) - 9*x(c). Give b(0).
22
Let x(c) = c**3 - 3*c**2 + 3*c. Let v = 30 + -10. Let k be 5*2/v*-6. Let f be (0 - 2/k) + 4/3. Calculate x(f).
2
Suppose -15 = -4*i - 3. Suppose 0 = 4*m + i*m - 189. Suppose v + m = -8*v. Let n(d) = -d**2 - 3*d - 1. What is n(v)?
-1
Suppose 0 = 3*y - c + 7, 1752*y + 6 = 1748*y + 3*c. Let t(b) = -8*b - 9. Give t(y).
15
Let t = -1922 + 1932. Let x(a) = a - 1. Let y(f) = -f**3 + 11*f**2 - 9*f + 8. Let m(h) = 2*x(h) - y(h). What is m(t)?
0
Let f be (-6)/4*(-1118)/39. Suppose -12*n = -f - 29. Let g(c) = -c**2 - 8. Determine g(n).
-44
Suppose 12*h + 48 = 4*h. Let p(c) = 16*c + 93. Let s be p(h). Let b(k) = 2*k**3 + 3*k**2 + 2*k + 2. What is b(s)?
-31
Let f(o) = -2*o**3 + 3*o**2 - 2*o - 1. Let u(n) = n**3 - 17*n**2 + 2. Let a(w) = -2*w**2 - 76*w + 17. Let y be a(-38). Let t be u(y). Give f(t).
-9
Let m(v) be the second derivative of -11*v - 1/12*v**4 - 7*v**2 - 2*v**3 - 2. What is m(-10)?
6
Suppose -r = b - 221, 5*r + 4*b = 3*b + 1105. Let o be r/85 - 4/(-10). Let d(x) = x - 3*x**2 + x**o - 9*x + 8*x**2 + 0*x**3 + 1. Determine d(-6).
13
Let r be (1 + -2)/(3/(-6)). Suppose r*x - 6 = 10. Suppose -x*n = -n - 35. Let b(i) = i**3 - 5*i**2 - 2*i - 1. Determine b(n).
-11
Let c(l) be the third derivative of -l**4/4 + 65*l**3/3 + 1946*l**2. Determine c(22).
-2
Let g(b) = 17*b**2 + 244*b - 130. Let q(f) = 6*f**2 + 91*f - 44. Let k(w) = -3*g(w) + 8*q(w). Give k(4).
-26
Let w(b) = 2*b**3 - 4*b**2 - b + 7. Let m = -17520 + 17523. Calculate w(m).
22
Let y be (8/14)/(51/714). Let h(d) = 29 - y - 19 - 3*d. Calculate h(-10).
32
Suppose -8*i - 23 + 39 = 0. Let f(g) = 2*g**i - 440*g + 432*g + 2*g**2 - 5*g**2. Give f(-6).
12
Let v(l) = -l**3 + 9*l**2 + 9*l + 9. Suppose 5*z + 3*g - 204 = 0, -56*z - 162 = -60*z - 3*g. Suppose 4*q = -r - 3 + z, -4*q - 3*r = -37. Give v(q).
-1
Let p(x) = x**3 + 22*x**2 + 115*x + 43. Let v be p(-14). Let s(i) = -75*i**2 + i - 1. Give s(v).
-75
Let t(x) = 7 + x**2 + 4*x - 2*x + 8*x. Suppose -3325*h - 3384*h = -6763*h - 84 - 240. Give t(h).
-17
Suppose 6 = -2*u - 24. Let r be u/(-4) + 3 + 30/(-8). Let z(w) = -3*w - 4 + 4*w + 0*w. Give z(r).
-1
Suppose -5*a - 2*p + 7 = -110, 4*a = -5*p + 97. Let m(x) = 3*x**2 - 68*x - 15. Let v be m(a). Let u(j) = -7*j + 3. What is u(v)?
-53
Let x(q) = -q**3 - 7*q**2 - 6*q**2 - 2*q - 3*q + 1 + 6*q**2. Let i be (-11)/(-88)*-2*20. Calculate x(i).
-24
Let k(s) = 56 - 170 + 27*s + 64 + s**3 - 15*s**2 + 56. Determine k(13).
19
Let o(w) = -5*w + 35. Let d = 8952 - 8945. Determine o(d).
0
Let o(j) = -j**2 - 6*j - 5. Let d(x) be the second derivative of x**5/20 - x**4/6 + x**3/6 - 8*x**2 - 58*x. Let q be d(3). Calculate o(q).
3
Let u(p) be the first derivative of 6*p**2 + p - 46. Suppose -19*z = -6*z + 25 - 77. Determine u(z).
49
Let c(d) be the third derivative of d**5/60 + d**4/3 + d**3/2 + d**2. Let v(p) = 20398*p - 142794. Let j be v(7). Determine c(j).
3
Let f(m) = m**2 - 6*m - 8. Let x(h) = h**3 - 3*h**2 - 3*h + 3. Let a = 22 + 10. Suppose -14*o = -6*o - a. Let v be x(o). Determine f(v).
-1
Let a(r) = -r + 8. Let g(i) = i - 6. Let m(z) = 2*a(z) + 3*g(z). Let h be 78/(-16) - (-1)/(-8). Calculate m(h).
-7
Let w(i) = -8*i + 3899*i**2 + 12 + 7 - 3897*i**2 - 39. Determine w(-2).
4
Suppose 4*r + f - 18 = 0, 248*r + f + 3 = 247*r. Let s(d) = -5*d**2 + 10*d - 7. Let u(g) = -6*g**2 + 10*g - 7. Let z(v) = -5*s(v) + 4*u(v). Determine z(r).
-14
Let w(u) = -216*u - 6680. Let o be w(-31). Let a(g) be the third derivative of -1/6*g**3 + 1/120*g**6 + 0 + 1/8*g**4 - 1/15*g**5 + 0*g + o*g**2. Give a(2).
-3
Suppose 6 = -6*k + 18. Suppose n = 3*s + 5, k*n - 1 = -6*s + 3*s. Suppose -u = -4 + n. Let l(m) = -2*m**3 + m**2 - 2*m + 1. What is l(u)?
-15
Let t(z) = 34*z - 39. Let d(a) = 12*a - 17. Let g(m) = -8*d(m) + 3*t(m). Calculate g(-5).
-11
Let c(q) be the third derivative of -11*q**4/12 - 77*q**3/6 + 59*q**2 + 13*q. Determine c(-3).
-11
Let b(s) be the first derivative of -s**5/20 - 5*s**4/12 + s**3/2 - 13*s**2/2 - 136*s - 162. Let f(o) be the first derivative of b(o). What is f(-6)?
5
Let a(r) = -r**2 + 41*r - 385. Let m be (-117)/9*(-13)/((-39)/(-6)). Determine a(m).
5
Let a(r) = -2*r**2 + 6*r**2 - 2562 + 8*r - 3*r**2 + 2567. Determine a(-7).
-2
Let a(m) = 2746*m - 2742. Let t be a(1). Let i(c) be the third derivative of c**4/12 + c**3/2 - 2*c**2. What is i(t)?
11
Suppose 4*j - 6 = -14. Let i(d) = -4*d + 1598*d**2 - 1599*d**2 + 1 + 1. Let h be i(j). Let r(s) = -s**2 + 6*s + 1. What is r(h)?
1
Suppose -u = -4*b + 8, 5*u - 1 = -b + 1. Let d(t) = -2*t - 88. Let o(j) = -j - 56. Let s(k) = 5*d(k) - 8*o(k). Determine s(u).
8
Let m(o) = o**3 - 7*o**2 + 8*o - 6. Let b(z) = -20*z - 60. Let h(x) = x + 1. Let l(s) = -b(s) - 16*h(s). Let t be l(-21). Let q = -34 - t. Determine m(q).
6
Let d(r) = 5 + 9*r + 20*r + 20*r - 72*r - 3*r**2 + 25*r. What is d(-4)?
-51
Let u(i) = -5*i + i + 3*i + 10. Let n be (-9)/8 - -1 - (-7571)/536. What is u(n)?
-4
Let m(i) = -i**2 - 19*i - 67. Let j be m(-14). Let u(k) be the second derivative of k**2 - 5*k - 1/6*k**j + 0